the third derivative of l**5/30 - 5*l**4/24 + l**3/3 + 5*l**2. Let h be w(3). Is r(h) a prime number?
True
Suppose 12 = 5*y - 5*p - 13, -25 = -5*y - 2*p. Suppose -y*w + w - 16 = 0, 5*w - 19 = -3*m. Is m prime?
True
Let p = 1931 + -1100. Is p composite?
True
Is -9219*4/24*-2 composite?
True
Let g(m) = 3*m + 1. Let v be g(-1). Suppose -5*p + p + 5*c = 53, 5*p + 2*c + 58 = 0. Is ((-188)/p)/(v/(-30)) prime?
False
Let t(w) = 17*w + 19*w**2 + 5 - 26*w + 2. Is t(9) prime?
False
Suppose -5*z = -z + 8. Let p be (z - 3/(-6))*-2. Is (-2244)/(-15) + p/(-5) a composite number?
False
Suppose -a = s - 46575, 7*s - 9*s + 93158 = 4*a. Is s a prime number?
False
Let z(j) = j**2 - 2*j - 1. Let m be z(-1). Suppose 3*d = -2*r - r + 12, 0 = r - 5*d + 8. Suppose 4*s - 46 = -m*y, 0 = r*y + 2*s + s - 45. Is y composite?
True
Suppose 7840 = 9*t - 5*t. Suppose 8*y - 3*y + 4*f = 2481, 4*y - 3*f - t = 0. Is y a composite number?
True
Let c = -922 + -1414. Is -5 - c - 6/(-3) a prime number?
True
Suppose 0*r - 2*r = -3*h + 3, 15 = 4*r + h. Suppose 0 = z, -r*y = -y + 5*z. Suppose 2*k - 286 = 5*f + 18, -k + 2*f + 153 = y. Is k prime?
True
Suppose -91*g - 359554 = -117*g. Is g composite?
False
Suppose -2*u = 2*u + 2*i - 24646, 0 = -u - 5*i + 6184. Is u prime?
False
Let h(p) = p - 1. Let f(c) = -378*c - 18. Let q(y) = f(y) - 30*h(y). Let j be q(-3). Let g = j - 847. Is g prime?
True
Suppose -3*r + 36 + 189 = 0. Suppose 3*d = 624 + r. Is d a composite number?
False
Let q(d) = 13*d**2 - 82*d + 8. Is q(11) composite?
True
Let w(m) = m**3 + 3*m**2 + m + 5. Let f be w(-4). Let x = -27 - f. Is (-2572)/x - (-4)/6 a prime number?
False
Let u be 3/2 - 3/(-6). Is 24/(-6) + (1105 - u) a prime number?
False
Suppose -g + 39444 = -5*y, 2*y = -g + 3*g - 15776. Is 4/40 + y/(-10) prime?
False
Suppose 4*j - 2145 - 3199 = -4*p, 2*j = 4*p - 5350. Let h = -706 + p. Is h prime?
True
Suppose 0 = -49*n - 21397 + 154775. Is n a composite number?
True
Let d = -11629 + 17838. Is d a prime number?
False
Suppose 4714 + 4334 = -13*n. Is 3 + -4 - n/1 composite?
True
Suppose 0 = 6*u - u - 3595. Let k = u - 146. Is k a prime number?
False
Let q(j) = 3*j**3 - 2*j**2 + 4. Let i be q(2). Suppose 5*v = v + i. Suppose 3*c = g + 1087, 0*c = -v*c + 5*g + 1815. Is c a composite number?
True
Suppose 0 = -0*k - 5*k + 320. Let n = -151 - -214. Suppose i - k = n. Is i composite?
False
Let w(m) = m**3 + 9*m**2 + m + 12. Let k be w(-9). Suppose -5*r = -2*u + 46, -4*r - 5*u + 7 = -k*r. Is ((-422)/r)/((-2)/(-8)) a composite number?
False
Is 4 + 16568/5 + 24/(-40) a composite number?
True
Let f be (18/12)/((-1)/2). Let s = f + 22. Let g = 74 - s. Is g a composite number?
True
Suppose c + 2*i = 1051, 5*c - 9*c + 4222 = -i. Is c composite?
True
Let a = 13 - 8. Suppose 11 + 9 = 5*c + a*w, -c - 2*w + 8 = 0. Suppose c = 2*o - 3*o + 709. Is o a prime number?
True
Suppose 5*x + 6 = m, -3*m - x - 2 = 4*x. Let a be ((-2348)/(-12))/(m/(-6)). Let f = a - -1881. Is f composite?
True
Let v = 33 - -1043. Let j be 3/21 - 21614/(-14). Suppose -3*k + 77 + v = -2*d, 4*k = 4*d + j. Is k a composite number?
True
Suppose 11*r - 6 = 82. Suppose r*b - 10*b = -4, 3*b = n - 889. Is n prime?
False
Let a be (6/(-9))/((-5)/15). Suppose 5 = a*t - 1. Suppose 0 = -t*c + 3*x + 243, -3*c - 2*x - x + 231 = 0. Is c prime?
True
Is (-70660)/(-4) - (3 + -1) prime?
False
Let m be -26*3/(12/2). Let h = m + 19. Is h/(-3)*-1 - -4 a prime number?
False
Is 3*-4442*4/(-6) + 1 a composite number?
True
Suppose -2*n = 2*j - 12, 2*n - 14 = n - 3*j. Suppose n*y - 12 = -y. Suppose -f + 172 = 5*k, -k + 178 = y*k - f. Is k a prime number?
False
Suppose 2*d = -8, z + 2*d = -0*d + 834. Let s = -3 + z. Is s a composite number?
False
Let r = -6802 - -104451. Is r a composite number?
False
Let i(q) = 2*q**2 + 23*q - 276. Is i(33) a prime number?
False
Let i(f) = f**3 + 3*f**2 + 4*f. Let x(s) = -2*s + 3. Let g be x(3). Let p be i(g). Is 14*p/(-8) + -2 composite?
False
Suppose -9*j - 10 = -4*j. Let q be (-4044)/j*(2 + -1). Suppose s + q = 4*x - 690, -5*x - 5*s = -3415. Is x prime?
False
Let f = 35 + -49. Let h = f - -8. Let t(b) = b**2 - 8*b - 1. Is t(h) a prime number?
True
Let v(i) = i**3 + 6*i**2 - 9. Let q be v(-6). Is 3183/q*(2 - 5) a composite number?
False
Suppose -92*j + 93*j - 10967 = 0. Is j a composite number?
True
Suppose -10*y = 6*y - 16784. Is y a prime number?
True
Suppose -16 - 4 = 4*x - 2*n, -25 = 5*x + 4*n. Is (-20930)/(-50) - 2/x a prime number?
True
Let i(d) = 138*d**2 + 2*d - 2. Let v be (-36)/(-20) - 1/(-5). Is i(v) a prime number?
False
Suppose 4*y + 4*n = 2*n + 8, 5*n + 32 = 3*y. Suppose 8854 + 1968 = 4*g - 2*a, 2688 = g - y*a. Suppose 8*z - 4*z - g = 0. Is z prime?
True
Let y be 3/(2 - (-383)/(-192)). Let k = y - 397. Let x = k + -20. Is x a composite number?
True
Let f(r) = 4*r + 1. Let t be f(3). Let v(c) = -6 + 30*c + c**2 + 5*c**2 - 19*c. Is v(t) prime?
True
Let q(k) = -k**2 - 10*k. Let i be q(-10). Suppose 3*r - r + 3*n - 25 = i, -2*n + 35 = 5*r. Let c(l) = 2*l**3 - 5*l**2 - 2*l + 4. Is c(r) prime?
False
Let o(r) = -3272*r + 414. Is o(-5) prime?
False
Suppose -4*d - 111 = -99. Is 3/d*3 - (0 + -2822) prime?
True
Suppose -16 + 0 = -4*r. Is (-11756)/(-9) + r/(-18) a prime number?
False
Suppose -3*a + 6*a + 59 = -2*c, 0 = 2*a + 6. Is c/10*8/10 - -5941 a prime number?
True
Let h = -12 + 12. Suppose 2*r + 199 - 945 = h. Is r a prime number?
True
Let p(x) = 79*x**2 - 10*x - 70. Is p(-13) prime?
True
Let j be -4*((-70497)/12)/7. Suppose 0 = 5*k - 2*k - j. Is k a composite number?
True
Let p(s) = s + 7. Let r be p(2). Is (-9)/(-5) + r/45 prime?
True
Let i(o) = -804*o + 377. Is i(-4) prime?
True
Suppose c = -2*f + 13, -2*f + 0*f = 5*c + 7. Suppose -7*v - 1970 = -f*v. Is v prime?
False
Suppose 5*y - 88 - 2 = 0. Suppose -4*f + 0*k + y = -3*k, 2*f = k + 8. Suppose -x + 83 = -5*r, -5*r - 301 = -f*x - 3*r. Is x composite?
False
Suppose 0 = -2*f - 6 - 2. Let g(a) = 3*a + 11*a**2 + 7 - 5 - 5. Is g(f) prime?
False
Suppose 5*c + 25 = 5*m, 4 = -2*m + 5*c + 17. Suppose 3*a + 0*s + s = 17, m*a = -5*s + 41. Suppose 5*r + h = 6*h + 615, a*r - h = 504. Is r a prime number?
True
Is (1 + (-7962)/(-4))*4/2 composite?
True
Let m(n) = 180*n**2 - n. Let q be m(-2). Suppose 0 = -8*t + 3686 + q. Is t a prime number?
False
Let s(u) = -u**2 - 10*u - 4. Let m be s(-9). Let y = m + -1. Suppose 5*z - 2*z - 164 = -2*b, 0 = 2*b - y*z - 178. Is b prime?
False
Is 13/((-195)/(-438595)) + (-4)/6 prime?
False
Is (((-24)/20)/(-2))/((-9)/(-43515)) a composite number?
True
Let v be -22 - (-1 + 0)*-2. Let j be (v/(-9))/(8/(-108)). Is 8/j + 1426/18 composite?
False
Suppose -13*t + 2055505 - 443570 = 0. Is t a composite number?
True
Suppose 9 = 2*i + 3. Suppose -516 = -2*x + f, -336 = 3*x + i*f - 1101. Is x prime?
True
Let d = -45 + 32. Suppose -5*j - 2*m - 424 = 82, 0 = 3*j + 4*m + 298. Let p = d - j. Is p composite?
False
Let q(y) = 3172*y**3 + y**2 - 2*y. Let n be q(1). Let u = -1604 + n. Is u a prime number?
True
Suppose 4*d - 263 - 1001 = 0. Let i = d - -173. Is i a prime number?
False
Let w = 24 + -22. Let y be (12/7 - w)*-14. Suppose 19 = -y*p + 5*p. Is p a prime number?
True
Let g = -5784 + 10089. Let s = -842 + g. Is s composite?
False
Let f(w) = w**3 + 2*w**2 - 7*w - 2. Suppose 5*n + 20 = 0, -5 + 2 = -3*z + 3*n. Let t be f(z). Suppose -12*g = -t*g - 1510. Is g a composite number?
True
Suppose 0*b + 3*b - 1522 = 5*l, -b + 530 = 4*l. Let v = b + -281. Is v composite?
False
Suppose y - 35*y + 806854 = 0. Is y prime?
False
Let q(m) = 4*m**3 - 2*m**2 + 5*m + 6. Is q(5) a prime number?
False
Let a = 637 + -340. Let k = 870 - a. Is k a prime number?
False
Let m(u) = u**2 + 3*u - 1. Let t be m(-4). Suppose 603 = t*y - 5136. Is y prime?
True
Suppose -5*h = -4*h + y - 451, 0 = 2*h + y - 904. Let v = 757 - h. Suppose 0 = -4*m + 508 + v. Is m a prime number?
False
Suppose 438*g = 456*g - 1613538. Is g a composite number?
True
Is -2 - -3798 - 3*-2 prime?
False
Let l(n) = -7*n**3 + n**2 + n + 68119. Let m be l(0). Suppose 0 = -24*f + 7*f + m. Is f a prime number?
True
Suppose 26 = 5*v - 79. Suppose 2*i - v = -3*z, 0 = -5*i + 6*z - 3*z. Suppose -3*m + i*w + 1963 + 71 = 0, w - 2737 = -4*m. Is m a composite number?
False
Suppose 0 = -34*c + 29*c + 34235. Is c composite?
True
Let b(w) = 34*w**3 + w**2 - 3*w +